 z(x) is divided by 5.
4
Let t(h) = 2*h**2 + 3*h - 12. Let f = 56 + -60. What is the remainder when 29 is divided by t(f)?
5
Let c(r) = -6*r - 3. Let a be c(-1). Let s(k) = -1. Let t(y) = -y**2 + 5*y - 1. Let x(h) = 2*s(h) + t(h). Calculate the remainder when 3 is divided by x(a).
0
Let h = 882 - 624. Calculate the remainder when h is divided by 7.
6
Let w = 548 + -494. Calculate the remainder when w is divided by 22.
10
Suppose 154*x - 21 = 151*x. What is the remainder when 13 is divided by x?
6
Suppose -49*w - 483 = -3*d - 47*w, 644 = 4*d + w. What is the remainder when 635 is divided by d?
152
Calculate the remainder when 329 is divided by (90/(-3))/(4*(-7)/28).
29
Suppose -4*t + 2*i + 30 = -16, t + 2*i - 14 = 0. What is the remainder when t is divided by 3?
0
Let h(s) = -s**3 - 11*s**2 - 12*s - 20. Let y be h(-10). Suppose -5*p + i + 64 = y, -5*i + 1 = 2*p - 3. What is the remainder when 19 is divided by p?
7
Let g(w) = w**3 - 9*w**2 - 6*w - 8. What is the remainder when g(10) is divided by 1/8 + 429/24?
14
Let n = 960 + -938. Calculate the remainder when n is divided by 15.
7
Suppose 0 = -6*p + 413 + 655. Calculate the remainder when p is divided by 45.
43
Let t(v) = 35*v - 1. Let i(x) = x**2 - 4*x + 8. Let u be i(3). What is the remainder when t(u) is divided by 35?
34
What is the remainder when -11 - -12 - (-135 - -1) is divided by 39?
18
Let y = 6 - 3. Suppose 2*s - y*s = -9. Calculate the remainder when 25 is divided by s.
7
Let r = -95 + 64. Let h = -18 - r. Calculate the remainder when 0*3/9 + 36 is divided by h.
10
Let u = -1412 + 1452. What is the remainder when 317 is divided by u?
37
Let l(g) = -g + 7. Let p be l(5). Suppose 4*w + 62 - p = 0. Let f = -6 - w. Calculate the remainder when 32 is divided by f.
5
What is the remainder when -155 + 678 + (-2 - 2/(-2)) is divided by 35?
32
Let m(r) = -r**3 - 3*r**2 - 2*r - 5. Calculate the remainder when m(-5) is divided by 15.
10
Suppose -22*z - 9 = -23*z. Calculate the remainder when 27 is divided by z.
0
Let c(f) = -43*f**2 - 222*f - 29. Let x be ((-40)/(-1))/1 - -1. Suppose 3*s - 46 = x. What is the remainder when s is divided by c(-5)?
5
Let q(z) = -z**2 + 7*z + 10. Let a be q(8). Suppose -44 = 4*y + a*b, -33 = 5*y - 2*y + 3*b. What is the remainder when 39 is divided by (-108)/y + 6/33?
9
Suppose 0 = -4*z + 11*z. Suppose 0 = -c + 4, -c + 62 = 2*n - z*n. Calculate the remainder when n is divided by 15.
14
Suppose -2*q = 5*p - 26 + 9, 4*p = 2*q - 8. What is the remainder when (-24*q)/(-2 + (-2)/(-4)) is divided by (-1 - 10)/(1/(-3))?
30
Let q(s) = 5*s**2 - 7*s + 21. Let b be q(6). Suppose 2*z - 34 = -r, -r = -6*r + z + b. Calculate the remainder when r is divided by 19.
13
Let x(h) = 5*h + 1. Let a be x(-11). What is the remainder when 27 is divided by (-3)/(-3) + a/(-6)?
7
Calculate the remainder when 153 is divided by ((-3)/((-21)/28))/(10/105).
27
Let u = 15 - -2. Let q be (9/3 - (3 - 7)) + -2. Suppose -q*k + 98 = -3*w - 42, -4*k = -w - 119. What is the remainder when k is divided by u?
14
What is the remainder when 42 is divided by 76/(-19) + 51/3?
3
Let b = 4 - 2. Suppose -b*s = s - 81. Let m = -521 + 531. Calculate the remainder when s is divided by m.
7
Let j(w) = w**3 + 4*w**2 - 3*w. What is the remainder when 2 + 5*38/10 is divided by j(-4)?
9
Let i(j) = -j**3 - 14*j**2 - 13*j - 12. Let m be i(-13). Let a = m + -28. Let r = a - -75. Calculate the remainder when r is divided by 19.
16
What is the remainder when 45 is divided by (-8*(-14)/2)/(6/3)?
17
Let x = 23 - 13. Let o = 41 + -41. Calculate the remainder when (2 - o)/((-1)/(-14 - 0)) is divided by x.
8
Suppose 24*q - 6837 = -19*q. What is the remainder when q is divided by 10?
9
Let y(t) be the second derivative of -25*t**3/6 - 3*t. Let j = -86 + 185. What is the remainder when j is divided by y(-1)?
24
Let t(s) = -s**3 - 7*s**2 + 15*s + 24. Calculate the remainder when 560 is divided by t(-9).
50
Calculate the remainder when (-21888)/(-132) - (-1)/(-22)*-4 is divided by 8.
6
Let d(u) = u**3 + 3*u**2 - 5*u + 3. Let z be d(-4). Let i(v) be the first derivative of 7*v**2/2 - 9*v + 28. Calculate the remainder when i(z) is divided by 14.
12
Suppose -2*r + 6 = -3*c, -48 = -2*r + 2*c - 40. Suppose b + 1 = 2. What is the remainder when r is divided by b?
0
Let h = 33 + -18. Let p = -53 + 176. Let r = p - 79. What is the remainder when r is divided by h?
14
Suppose 2*z + 13 = m + z, 2*m - 28 = 3*z. What is the remainder when 175 is divided by m?
10
Suppose 5 + 2 = -r. Let d = -3 - r. Calculate the remainder when 1 + 6*(-12)/(-9) is divided by d.
1
Let b = -63 + 132. Suppose 2*x - 4*t - b = 7, 0 = 2*x + t - 51. Let q = x - 20. What is the remainder when 13 is divided by q?
5
Let b(j) = -j**2 - 7*j - 6. Let m be b(-4). Suppose -m*r = -25 + 1. Suppose -r*p + 15 + 17 = 0. What is the remainder when p is divided by 6?
2
Suppose -52 = 5*i - 527. What is the remainder when i is divided by 49?
46
Suppose -4*u = -u - 27. Suppose -3*y = r - 18, 2*y - 2*r = -y + 9. Suppose 5*f - 80 = -y*b, 0*f = -2*f + 2. What is the remainder when b is divided by u?
6
Let c(m) = 2*m**3 - 3*m**2 - 6*m + 2. Let v be (714/24)/7 + (-1)/4. What is the remainder when c(v) is divided by (-10)/(2/(-1*4))?
18
Let a(n) = 2*n**2 + 43*n - 5. Let h = -31 + 9. What is the remainder when 117 is divided by a(h)?
15
What is the remainder when ((-520)/(-10))/((-3)/(-6)) is divided by 20?
4
Let z(u) = -u + 7. Let n be z(-8). What is the remainder when 30 is divided by (80/n)/(1 - 2/6)?
6
Let o(p) = -p**2 - 23*p - 79. What is the remainder when 164 is divided by o(-7)?
32
Suppose 28 = l + l. Suppose -5*q + 7 = -38. What is the remainder when 6/l - (-408)/28 is divided by q?
6
Calculate the remainder when 44 is divided by ((-6)/3*-33)/(0 + 2).
11
Let q = -197 - -239. Calculate the remainder when 290 is divided by q.
38
What is the remainder when 162 is divided by (8 - 1)/(18*(-9)/(-324))?
8
Suppose -4*u - 7 = 97. Let c = u - -20. Calculate the remainder when 51 is divided by (-112)/(-6) - c/(-9).
15
Let t = 52 - 51. Suppose 7*h - t = 55. Calculate the remainder when (-3)/(-12) - 222/(-8) is divided by h.
4
Let c = -161 - -87. Let j = 83 + c. What is the remainder when 19 is divided by j?
1
Let z(m) = m**2 + m - 35. Calculate the remainder when 90 is divided by z(-10).
35
Suppose 10*t + 277 = 797. Calculate the remainder when 309 is divided by t.
49
Let s be (20/(-5) - -24)/(-1). Let v = s - -47. Calculate the remainder when v is divided by 14.
13
What is the remainder when 101 is divided by -3 + (-4 - -11) - (-1 + -29)?
33
Let m = 3609 + -2163. What is the remainder when m is divided by 23?
20
Calculate the remainder when 73 is divided by 2 - (-1 - 8/4).
3
Let l = -2 - -5. Suppose -l*w + 7 = -266. Calculate the remainder when w is divided by 23.
22
Let q(j) = -2*j - 35. Let y be q(-16). Let d(a) be the second derivative of -a**3/3 + 5*a**2/2 - a. Calculate the remainder when d(y) is divided by 7.
4
Let f(d) = 6*d**2 - 3*d + 1. Calculate the remainder when f(-7) is divided by 20.
16
Suppose 31*i = 36*i + 260. Calculate the remainder when (19 + i)*(-2)/2 is divided by 13.
7
Suppose -30 = -17*d + 7*d. Suppose 0*h = -d*h + 447. Calculate the remainder when h is divided by 38.
35
Let k = 320 - 305. What is the remainder when 28 is divided by k?
13
Suppose 49 = 2*q + 7. What is the remainder when 81 is divided by q?
18
Let f = -230 - -265. Calculate the remainder when 207 is divided by f.
32
Calculate the remainder when ((-8)/6)/((-120)/3510) is divided by 9.
3
Let o be (3 + -3 + 3)*1/3. What is the remainder when (546/28)/(o/2) is divided by 22?
17
Let g(k) = k. Suppose l - 29 = 5*d, -2*d = l - 0*l + 6. Let v = 2 - d. Calculate the remainder when 20 is divided by g(v).
6
Suppose 0 = -246*g + 239*g + 203. What is the remainder when 173 is divided by g?
28
Let x be 1*(-5)/(1 - 2). Suppose -4*z = x*f + 8, -2*f - f + 4 = -2*z. What is the remainder when 4 is divided by z/(-13) + 120/65?
0
Suppose -197 = -2*h + 3*n, 2*h + 4*n - 71 = h. What is the remainder when h is divided by 34?
23
Calculate the remainder when 110 is divided by -2 + 0/1 - 448/(-14).
20
Suppose -5*m = -4*x + 49, 0 = -5*m + 5*x - 0 - 50. Let r = m + 13. Calculate the remainder when 4 is divided by r.
0
Let b = -1